*t. Suppose -5*s - x - 7 = 0, -2*s - 14 = 5*x - 2. List the prime factors of f(s).
11, 13
Let q(w) = w**3 - 24*w**2 + 8*w + 29. Let n be q(25). Suppose 0 = 3*a - 10*a + n. List the prime factors of a.
2, 61
Let m = -31617 + 59045. What are the prime factors of m?
2, 6857
Suppose -5*w = 5*k + 254 + 566, 0 = 4*k - 3*w + 642. Let r = 201 + k. List the prime factors of r.
3, 13
Let d = 3170 + -1348. List the prime factors of d.
2, 911
Let r(b) = 33*b + 195. Suppose -5*q - 5*f + 22 = -48, -2*f + 41 = 3*q. List the prime factors of r(q).
2, 3, 13
Suppose 2*g + 0*o = o + 4, 2*g + 12 = 5*o. Suppose -g + 24 = 5*y. Suppose 107 = y*r - 13. What are the prime factors of r?
2, 3, 5
Let x = 19065 - 10257. List the prime factors of x.
2, 3, 367
Suppose -r + 10914 + 5352 = 2*t, 4*r = 2*t + 65084. List the prime factors of r.
2, 5, 1627
Suppose -4*v + 8 = -16. Suppose 13*g - 1008 = v*g. What are the prime factors of g?
2, 3
Suppose 0 = 2*k + 2*g - 12387 - 9215, 4*k + 6*g = 43192. List the prime factors of k.
101, 107
Let b = -2618 - -7642. List the prime factors of b.
2, 157
Let c(r) = -r**2 + 3*r + 23. Let k be c(-3). Suppose 2864 + 1558 = k*h - 2*y, 2 = -2*y. List the prime factors of h.
2, 13, 17
Let n = 3597 + 75968. List the prime factors of n.
5, 15913
Let a be 9/5 + -2 + 143/65. Suppose a*s = 2, -387 = -2*x + 4*s - 3*s. List the prime factors of x.
2, 97
Let t(j) = j**2 - 9*j - 1. Let i be t(9). Let g be (-10 + (i - 0))*-1. Suppose 0 = -6*n + g*n - 360. List the prime factors of n.
2, 3
Suppose -7*f - 206 = 25. Let x(h) = h**3 + 33*h**2 - 4*h + 99. List the prime factors of x(f).
3, 7, 11
Let d(j) = 69*j**2 - 132*j + 2502. What are the prime factors of d(15)?
3, 1783
Suppose -25*g + 18093 = -29223 - 2809. List the prime factors of g.
5, 401
Suppose q + u - 1 - 4 = 0, -u = -5*q + 31. List the prime factors of 26/39 + 3266/q.
5, 109
Let z = -35 - -38. Suppose -3*d + 3 = 5*b, -4*b = -2*d + z + 21. Suppose 0*o - 834 = -d*o. What are the prime factors of o?
139
What are the prime factors of ((-82547)/(-46) + 36)*(52/14 - 2)?
2, 3, 523
Let o = -171 + 306. Suppose -3*n = x - 119 - o, x = 5*n + 214. List the prime factors of x.
239
Let u = 1347 + -953. Let k = 529 - 810. Let w = u + k. List the prime factors of w.
113
Let p be 2*7/((-35)/(-90)). Let y be 0 - (-2 + p)/1. Let h = -7 - y. List the prime factors of h.
3
Let u(m) = -m**3 - 5*m**2 - 7*m - 1. Suppose 34 = -11*q - 32. What are the prime factors of u(q)?
7, 11
Let q be 3077*(4/8)/(1/(-2)). Let t = -1008 - q. List the prime factors of t.
2069
Let w = 9641 + -3813. List the prime factors of w.
2, 31, 47
Suppose -24*q + 40*q - 1920087 + 668439 = 0. List the prime factors of q.
2, 3, 41, 53
Let f(o) = 5*o**2 - 14*o**3 + 12*o**2 + 15*o**3 - 19 + 10*o. Suppose -4*z - 29 - 3 = 3*w, -4*w + 2*z = 72. What are the prime factors of f(w)?
7, 11
Suppose 3*h + 15 = -0, 1209 = k - 4*h. Suppose -4*z + 1627 = -k. Suppose 2*x - 6*x + z = 0. What are the prime factors of x?
2, 11
Let q = -18220 - -54441. List the prime factors of q.
29, 1249
Suppose 4*n + 3*d = 23237, -2517 = -2*n + 3*d + 9088. What are the prime factors of n?
5807
Let z(a) = a**2 - 21*a + 52. Let w be z(19). Suppose -w*v + 5280 = 8*v. List the prime factors of v.
2, 3, 5
Let r = -7830 + 7995. Suppose -s = 4*s - f + 4, 0 = s + f - 4. Suppose -4*p - 3*k + 351 = -s*k, 2*p - r = -5*k. What are the prime factors of p?
2, 3, 5
Let u be (8 + 49/14)*-56. Let k = -235 - u. What are the prime factors of k?
409
Let c = -24 + 28. Suppose -c*h - h = 0. Suppose -q = 3*s - 176, h*q - 172 = -3*s - 2*q. What are the prime factors of s?
2, 3, 5
Suppose -2*m - j = -65808, -3*m = 5*j - 48138 - 50553. What are the prime factors of m?
3, 7, 1567
Suppose 3*c - c = -10. Let a be 2/(1/(-30)*c). What are the prime factors of (63/a)/((-15)/(-20))?
7
Let i(r) = -r**3 - 2*r**2 + 13*r - 17. Let p be (-17)/17*(1 + 0). Let c be (-4)/(2 - -6)*p*-16. What are the prime factors of i(c)?
263
List the prime factors of (-2 - (-2166)/9)/((-56)/(-672)).
2, 179
Let a = 8163 + 1386. What are the prime factors of a?
3, 1061
Suppose 24*b - 10*b + 60695 = 19*b. What are the prime factors of b?
61, 199
Let m(r) = -r**3 - 12*r**2 + 27*r + 45. Let w be m(-14). Suppose -22*k + w*k - 41958 = 0. List the prime factors of k.
2, 3, 7
Let z(q) = -q + 24. Let l be z(7). Suppose -149 = -l*k + 72. List the prime factors of k.
13
What are the prime factors of (16/(-32) + 2)*16840/6?
2, 5, 421
List the prime factors of (117 - 113)/(4/8650).
2, 5, 173
Let l = -2246 - -4566. What are the prime factors of l?
2, 5, 29
Suppose -7*v + 12*v = 4*c - 238, v + 44 = 2*c. What are the prime factors of (-5)/(-2)*(-22020)/v?
3, 367
Let q(k) = 5*k**2 - 9*k - 2. Let t = 47 + -44. Let y be q(t). Let a(g) = g**3 - 16*g**2 + 2*g + 20. What are the prime factors of a(y)?
2, 13
Let m(n) = -1247*n + 32. What are the prime factors of m(-5)?
3, 2089
Let b be (6 + (-414)/12)*4/6. Let l(s) = -5*s**2 - 4*s - 19. Let i(u) = -14*u**2 - 13*u - 56. Let k(m) = -4*i(m) + 11*l(m). What are the prime factors of k(b)?
2, 7
Let d(l) = 8*l**2 - 19*l - 687. List the prime factors of d(-37).
2, 3, 457
Suppose 53*x = -60*x + 925018. List the prime factors of x.
2, 4093
Suppose 2 - 7 = -k. Suppose -4*z = -k*z. Suppose 2*x = -3*u - z*u + 160, -x + 107 = 2*u. What are the prime factors of u?
2, 3
Let d(p) = p**3 - 11*p**2 + 10*p. Let v be d(10). Suppose -w + 717 - 157 = v. Suppose w = 4*u - 2*j, 2*j = -3*u - j + 429. List the prime factors of u.
3, 47
Suppose -164723 = -3*g - 2*n, -164737 = -3*g + 2462*n - 2457*n. List the prime factors of g.
3, 6101
What are the prime factors of (-4 - 3/1) + 16 + 12571?
2, 5, 17, 37
List the prime factors of (1176896/21)/(-8)*(-48)/32.
2, 37, 71
Let c = 102 - 364. Let t = c + 299. List the prime factors of t.
37
Let l(k) = 2270*k**3 + k**2 + 133*k - 135. What are the prime factors of l(1)?
2269
Suppose 1031181 + 237354 = 107*q + 250216. List the prime factors of q.
31, 307
Let h be 15/((-735)/1484) - 2/(-7). Let f be (-114)/(-9) - h/(-18). What are the prime factors of 0 - 18*(-1 - f)?
2, 3
Let n = -33 - -37. Suppose -5*u - 4*o + 95 = 0, o = -4*u + n*o + 45. Suppose 35 = -10*i + u*i. What are the prime factors of i?
7
Suppose t - 85 = 5*z, 0 = 3*z + z - t + 67. Let x = 53 - z. List the prime factors of x.
71
Suppose -42 = -23*d - 157. List the prime factors of -1*((-1 - d) + -396).
2, 7
Let i be 212/3 + 38/114. Suppose 3*d - 760 = i. List the prime factors of d.
277
Let h be ((-50)/(-35))/((-4)/(-28)). Let i be 0/((-44)/(-20) + (-4)/20). Suppose i = 2*a - h*a + 872. What are the prime factors of a?
109
Let s(z) = 2*z**2 - 5*z + 0*z**3 + z**3 + 5 - 7. Let f be s(-3). Suppose 9*v - f*v = 130. What are the prime factors of v?
2, 13
Suppose 85174 = 25*r - 4*r - 88979. List the prime factors of r.
8293
Suppose 3*g + 4*t = -4, -g + 3*t + 20 = g. List the prime factors of (g/(-3) - -1)*(-229 + 10).
73
Let h be 1*-4*((-3)/3)/(-1). Let w be ((-6)/h)/(6/164). Suppose f - w = 42. List the prime factors of f.
83
Suppose m = -5*i - 365, 46*i - 44*i = 4*m + 1504. Let q = 163 - m. What are the prime factors of q?
2, 269
Let z = -4479 - -35612. List the prime factors of z.
163, 191
Let t = -35500 - -105875. List the prime factors of t.
5, 563
Suppose -2*d - 5*u + 3454 = -9192, 5*d - 4*u - 31582 = 0. What are the prime factors of d?
2, 3, 13
Suppose 88*d - 1925715 = 55*d. List the prime factors of d.
5, 11, 1061
Let z(x) = -x**3 + 10*x**2 + 17*x - 11. Let i = 681 - 670. What are the prime factors of z(i)?
5, 11
Suppose 427*j - 1966500 = 351*j. List the prime factors of j.
3, 5, 23
Suppose p = -6*b + 391525, -177*b + 172*b = -3*p - 326290. List the prime factors of b.
5, 31, 421
Suppose 71833 = 16*k - 69159. Suppose 1822 - k = -10*w. List the prime factors of w.
3, 233
Let h(i) = -3231*i - 1337. List the prime factors of h(-3).
2, 2089
Let x(c) = -107*c**3 - 23*c**2 - 16*c + 8. What are the prime factors of x(-6)?
2, 29, 193
Let d(z) = -z**3 - 19*z**2 - 12*z - 30. Suppose b - 4*v = 11, 2*v = 5*b + 5*v + 37. Let j = -14 + b. List the prime factors of d(j).
2, 3, 11
Suppose 25*o = -5*u + 370074 + 7901, -2*o - 3*u + 30225 = 0. What are the prime factors of o?
2, 3, 5, 7
Let y(g) be the first derivative of -g**3/3 + 3*g**2 + 31*g - 30. L